{"id":78,"date":"2025-07-19T09:00:04","date_gmt":"2025-07-19T09:00:04","guid":{"rendered":"https:\/\/www.andrew-photographic-project.be\/?page_id=78"},"modified":"2025-07-19T09:06:34","modified_gmt":"2025-07-19T09:06:34","slug":"folklores","status":"publish","type":"page","link":"https:\/\/www.andrew-photographic-project.be\/?page_id=78","title":{"rendered":"Folklores"},"content":{"rendered":"\n<p><strong>Bienvenue dans la section \u201cFolklores\u201d.<\/strong><\/p>\n\n\n\n<p>Ici, je documente des traditions populaires vivantes qui font vibrer les rues et les villages : <strong>les Marches folkloriques de l\u2019Entre-Sambre-et-Meuse<\/strong>, inscrites au patrimoine immat\u00e9riel de l\u2019UNESCO, mais aussi <strong>les carnavals<\/strong>, avec leurs costumes color\u00e9s, leurs g\u00e9ants, leurs musiques, leurs myst\u00e8res et leur \u00e9nergie festive unique.<\/p>\n\n\n\n<p>Les Marches \u2014 comme la Saint-Pierre \u00e0 Biesmer\u00e9e, la Sainte-Rolende \u00e0 Gerpinnes, ou la Trinit\u00e9 \u00e0 Walcourt \u2014 sont des processions religieuses escort\u00e9es de groupes en uniformes historiques (Premier Empire, garde civique, etc.), rythm\u00e9es par fifres, tambours et salves de mousqueterie.<\/p>\n\n\n\n<p>Les carnavals, eux, c\u00e9l\u00e8brent le renversement joyeux de l\u2019ordre \u00e9tabli, entre satire, folklore et c\u00e9l\u00e9bration collective. De Binche \u00e0 Charleroi, en passant par les villages moins connus mais tout aussi vibrants, chaque carnaval est une aventure visuelle.<\/p>\n\n\n\n<p>Dans cette section, je partage mes reportages, \u00e0 hauteur d\u2019homme : les atmosph\u00e8res, les d\u00e9tails, les instants de ferveur, les \u00e9motions \u2014 et ce que l\u2019on ressent quand on se laisse porter, appareil \u00e0 la main, par la puissance du patrimoine vivant.<\/p>\n","protected":false},"excerpt":{"rendered":"<p>Bienvenue dans la section \u201cFolklores\u201d. Ici, je documente des traditions populaires vivantes qui font vibrer les rues et les villages : les Marches folkloriques de l\u2019Entre-Sambre-et-Meuse, inscrites au patrimoine immat\u00e9riel de l\u2019UNESCO, mais aussi les carnavals, avec leurs costumes color\u00e9s, leurs g\u00e9ants, leurs musiques, leurs myst\u00e8res et leur \u00e9nergie festive unique. Les Marches \u2014 comme la Saint-Pierre \u00e0 Biesmer\u00e9e, la Sainte-Rolende \u00e0 Gerpinnes, ou la Trinit\u00e9 \u00e0 Walcourt \u2014 sont des processions religieuses escort\u00e9es de groupes en uniformes historiques (Premier Empire, garde civique, etc.), rythm\u00e9es par fifres, tambours et salves de mousqueterie. Les carnavals, eux, c\u00e9l\u00e8brent le renversement joyeux de l\u2019ordre \u00e9tabli, entre satire, folklore et c\u00e9l\u00e9bration collective. De Binche \u00e0 Charleroi, en passant par les villages moins connus mais tout aussi vibrants, chaque carnaval est une aventure visuelle. Dans cette section, je partage mes reportages, \u00e0 hauteur d\u2019homme : les atmosph\u00e8res, les d\u00e9tails, les instants de ferveur, les \u00e9motions \u2014 et ce que l\u2019on ressent quand on se laisse porter, appareil \u00e0 la main, par la puissance du patrimoine vivant.<\/p>\n","protected":false},"author":1,"featured_media":0,"parent":0,"menu_order":0,"comment_status":"closed","ping_status":"closed","template":"","meta":{"footnotes":""},"class_list":["post-78","page","type-page","status-publish","hentry"],"_links":{"self":[{"href":"https:\/\/www.andrew-photographic-project.be\/index.php?rest_route=\/wp\/v2\/pages\/78","targetHints":{"allow":["GET"]}}],"collection":[{"href":"https:\/\/www.andrew-photographic-project.be\/index.php?rest_route=\/wp\/v2\/pages"}],"about":[{"href":"https:\/\/www.andrew-photographic-project.be\/index.php?rest_route=\/wp\/v2\/types\/page"}],"author":[{"embeddable":true,"href":"https:\/\/www.andrew-photographic-project.be\/index.php?rest_route=\/wp\/v2\/users\/1"}],"replies":[{"embeddable":true,"href":"https:\/\/www.andrew-photographic-project.be\/index.php?rest_route=%2Fwp%2Fv2%2Fcomments&post=78"}],"version-history":[{"count":2,"href":"https:\/\/www.andrew-photographic-project.be\/index.php?rest_route=\/wp\/v2\/pages\/78\/revisions"}],"predecessor-version":[{"id":80,"href":"https:\/\/www.andrew-photographic-project.be\/index.php?rest_route=\/wp\/v2\/pages\/78\/revisions\/80"}],"wp:attachment":[{"href":"https:\/\/www.andrew-photographic-project.be\/index.php?rest_route=%2Fwp%2Fv2%2Fmedia&parent=78"}],"curies":[{"name":"wp","href":"https:\/\/api.w.org\/{rel}","templated":true}]}}